the greatest common factor of 75 and 1095?
15
What is the greatest common factor of 500 and 104?
4
Calculate the greatest common divisor of 56 and 378.
14
What is the greatest common divisor of 130 and 338?
26
Calculate the highest common divisor of 70 and 798.
14
Calculate the highest common divisor of 198 and 38511.
99
What is the greatest common divisor of 27 and 801?
9
Calculate the highest common factor of 80 and 180.
20
What is the greatest common divisor of 231 and 189?
21
Calculate the highest common factor of 70 and 20.
10
What is the greatest common factor of 330 and 715?
55
Calculate the greatest common divisor of 47 and 4.
1
Calculate the highest common factor of 16 and 22.
2
What is the highest common factor of 546 and 336?
42
Calculate the highest common factor of 336 and 798.
42
Calculate the greatest common factor of 91 and 208.
13
Calculate the highest common divisor of 434 and 341.
31
Calculate the greatest common factor of 69 and 7797.
69
Calculate the highest common divisor of 2 and 54.
2
What is the highest common divisor of 3726 and 184?
46
Calculate the highest common divisor of 2740 and 320.
20
Calculate the highest common divisor of 1037 and 119.
17
Calculate the highest common factor of 1247 and 43.
43
What is the greatest common divisor of 20 and 2430?
10
What is the highest common divisor of 324 and 12?
12
What is the highest common factor of 2844 and 79?
79
Calculate the highest common factor of 43 and 172.
43
Calculate the greatest common divisor of 218 and 545.
109
What is the highest common divisor of 624 and 13?
13
Calculate the greatest common factor of 80 and 5240.
40
Calculate the highest common factor of 133 and 95.
19
Calculate the greatest common divisor of 793 and 13.
13
Calculate the highest common divisor of 17110 and 145.
145
Calculate the highest common divisor of 66 and 528.
66
Calculate the highest common divisor of 100 and 700.
100
Calculate the highest common divisor of 133 and 38.
19
Calculate the highest common factor of 918 and 36.
18
Calculate the highest common divisor of 368 and 46.
46
What is the highest common divisor of 4393 and 764?
191
Calculate the highest common divisor of 53715 and 15.
15
What is the greatest common divisor of 113 and 27459?
113
Calculate the highest common factor of 5 and 2795.
5
Calculate the greatest common factor of 29891 and 355.
71
What is the highest common divisor of 11165 and 870?
145
What is the highest common divisor of 12639 and 33?
33
Calculate the greatest common factor of 280 and 126.
14
What is the highest common divisor of 533 and 246?
41
Calculate the highest common factor of 25139 and 23.
23
What is the highest common divisor of 8 and 344?
8
What is the highest common divisor of 25 and 20?
5
Calculate the highest common factor of 9072 and 112.
112
Calculate the greatest common divisor of 23 and 4577.
23
Calculate the highest common divisor of 39 and 208.
13
Calculate the greatest common divisor of 442 and 306.
34
Calculate the greatest common factor of 260 and 100.
20
What is the greatest common divisor of 850 and 50?
50
Calculate the highest common divisor of 12 and 486.
6
Calculate the greatest common divisor of 147 and 49.
49
Calculate the greatest common factor of 200 and 120.
40
What is the greatest common factor of 14 and 2562?
14
What is the highest common divisor of 6 and 186?
6
Calculate the greatest common factor of 189 and 63.
63
What is the greatest common divisor of 37515 and 15?
15
Calculate the highest common factor of 75 and 240.
15
Calculate the highest common factor of 7120 and 80.
80
What is the greatest common divisor of 272 and 1564?
68
What is the highest common divisor of 130 and 46930?
130
Calculate the highest common divisor of 550 and 325.
25
Calculate the highest common divisor of 2025 and 25.
25
Calculate the greatest common factor of 2 and 2758.
2
What is the highest common factor of 902 and 242?
22
What is the greatest common divisor of 48 and 176?
16
What is the greatest common divisor of 8503 and 55?
11
What is the greatest common factor of 6 and 62?
2
What is the greatest common factor of 520 and 65?
65
What is the highest common factor of 1334 and 58?
58
Calculate the highest common factor of 923 and 1775.
71
Calculate the highest common factor of 30326 and 472.
118
What is the greatest common factor of 500 and 20?
20
Calculate the greatest common factor of 2142 and 42.
42
Calculate the greatest common factor of 21166 and 38.
38
What is the highest common divisor of 280 and 2345?
35
What is the highest common divisor of 1450 and 550?
50
What is the greatest common factor of 437 and 207?
23
Calculate the greatest common factor of 6855 and 15.
15
Calculate the greatest common divisor of 208 and 52.
52
Calculate the highest common divisor of 9 and 4.
1
What is the greatest common divisor of 18 and 90?
18
What is the greatest common factor of 72 and 972?
36
Calculate the highest common divisor of 364 and 78.
26
Calculate the greatest common factor of 603 and 134.
67
What is the greatest common divisor of 10827 and 27?
27
What is the highest common factor of 45 and 30?
15
What is the greatest common divisor of 72 and 10404?
36
What is the greatest common factor of 57 and 3?
3
Calculate the highest common divisor of 904 and 8.
8
Calculate the greatest common divisor of 5766 and 930.
186
Calculate the greatest common divisor of 37 and 11248.
37
What is the greatest common factor of 360 and 5220?
180
What is the greatest common factor of 3763 and 71?
71
Calculate the highest common factor of 2812 and 37.
37
What is the highest common factor of 184 and 460?
92
What is the greatest common divisor of 13045 and 5?
5
Calculate the greatest common divisor of 14534 and 344.
86
Calculate the highest common factor of 1085 and 5.
5
What is the highest common divisor of 486 and 1782?
162
Calculate the greatest common divisor of 8 and 12.
4
What is the greatest common factor of 526 and 61279?
263
Calculate the highest common factor of 384 and 6.
6
Calculate the greatest common factor of 3304 and 560.
56
What is the greatest common divisor of 13 and 104?
13
What is the greatest common factor of 559 and 39?
13
Calculate the highest common divisor of 64 and 56.
8
Calculate the greatest common factor of 10 and 470.
10
What is the greatest common divisor of 23 and 2369?
23
Calculate the highest common factor of 110 and 1166.
22
Calculate the greatest common divisor of 67318 and 347.
347
Calculate the highest common divisor of 2698 and 171.
19
What is the highest common divisor of 27 and 297?
27
Calculate the highest common factor of 2275 and 91.
91
What is the highest common factor of 1092 and 252?
84
Calculate the greatest common factor of 204 and 84.
12
Calculate the greatest common factor of 93 and 248.
31
Calculate the greatest common factor of 2266 and 286.
22
What is the greatest common divisor of 24101 and 77?
77
What is the greatest common factor of 414 and 18?
18
Calculate the greatest common factor of 16 and 276.
4
Calculate the greatest common factor of 70 and 56.
14
What is the greatest common divisor of 16 and 72?
8
Calculate the highest common factor of 294 and 14.
14
What is the greatest common factor of 3135 and 935?
55
What is the highest common factor of 494 and 26?
26
What is the greatest common divisor of 99 and 33?
33
Calculate the highest common divisor of 6 and 18.
6
Calculate the greatest common divisor of 320 and 4.
4
What is the highest common factor of 108 and 4716?
36
Calculate the highest common divisor of 30 and 15.
15
Calculate the highest common factor of 835 and 6346.
167
What is the greatest common divisor of 12 and 786?
6
What is the highest common factor of 315 and 15?
15
Calculate the greatest common divisor of 16 and 2248.
8
Calculate the highest common divisor of 3596 and 155.
31
What is the greatest common divisor of 156 and 60?
12
Calculate the highest common divisor of 14 and 21.
7
What is the greatest common factor of 128 and 40000?
64
Calculate the highest common divisor of 90 and 50.
10
What is the greatest common factor of 73 and 1168?
73
Calculate the highest common factor of 70 and 210.
70
What is the greatest common factor of 504 and 588?
84
What is the highest common factor of 357 and